it of 926453?
3
What is the units digit of 13932360?
0
What is the hundreds digit of 14883?
8
What is the thousands digit of 344096?
4
What is the tens digit of 65952?
5
What is the hundreds digit of 4945992?
9
What is the hundred thousands digit of 17287181?
2
What is the thousands digit of 1553055?
3
What is the ten thousands digit of 1709635?
0
What is the tens digit of 4844884?
8
What is the thousands digit of 1460163?
0
What is the hundreds digit of 202580?
5
What is the tens digit of 674605?
0
What is the tens digit of 147131?
3
What is the millions digit of 1084665?
1
What is the ten thousands digit of 6511849?
1
What is the millions digit of 4337365?
4
What is the millions digit of 2666534?
2
What is the hundreds digit of 675861?
8
What is the hundreds digit of 3006784?
7
What is the tens digit of 3182961?
6
What is the tens digit of 194524?
2
What is the thousands digit of 530567?
0
What is the units digit of 597004?
4
What is the ten thousands digit of 856914?
5
What is the units digit of 580624?
4
What is the hundred thousands digit of 14439055?
4
What is the units digit of 66519?
9
What is the tens digit of 744927?
2
What is the units digit of 532453?
3
What is the hundred thousands digit of 228348?
2
What is the hundreds digit of 18330747?
7
What is the tens digit of 27277?
7
What is the hundred thousands digit of 8640307?
6
What is the tens digit of 34995?
9
What is the ten millions digit of 29254021?
2
What is the tens digit of 6902936?
3
What is the ten thousands digit of 108036?
0
What is the hundreds digit of 1426459?
4
What is the hundred thousands digit of 1566275?
5
What is the thousands digit of 6398307?
8
What is the hundred thousands digit of 352297?
3
What is the thousands digit of 486113?
6
What is the hundred thousands digit of 1566516?
5
What is the millions digit of 1057233?
1
What is the thousands digit of 22472459?
2
What is the ten thousands digit of 482440?
8
What is the thousands digit of 474613?
4
What is the hundreds digit of 22450857?
8
What is the hundreds digit of 207765?
7
What is the ten thousands digit of 3635834?
3
What is the units digit of 441384?
4
What is the ten thousands digit of 91092?
9
What is the ten thousands digit of 6238594?
3
What is the thousands digit of 91546?
1
What is the thousands digit of 8150828?
0
What is the units digit of 9640?
0
What is the units digit of 516696?
6
What is the thousands digit of 629522?
9
What is the thousands digit of 131312?
1
What is the hundreds digit of 18873862?
8
What is the thousands digit of 73962?
3
What is the hundreds digit of 4394043?
0
What is the thousands digit of 2361380?
1
What is the hundreds digit of 2032633?
6
What is the hundred thousands digit of 3629200?
6
What is the tens digit of 2332087?
8
What is the ten thousands digit of 3663054?
6
What is the tens digit of 490790?
9
What is the millions digit of 2511271?
2
What is the hundreds digit of 11220090?
0
What is the units digit of 39864642?
2
What is the hundreds digit of 197156?
1
What is the ten thousands digit of 439971?
3
What is the millions digit of 12497247?
2
What is the millions digit of 2788791?
2
What is the hundreds digit of 381215?
2
What is the tens digit of 179032?
3
What is the units digit of 409081?
1
What is the hundred thousands digit of 455560?
4
What is the units digit of 301296?
6
What is the ten thousands digit of 1727092?
2
What is the thousands digit of 7695626?
5
What is the tens digit of 413090?
9
What is the thousands digit of 4347321?
7
What is the hundreds digit of 24328204?
2
What is the millions digit of 1687501?
1
What is the hundred thousands digit of 24563056?
5
What is the ten thousands digit of 359701?
5
What is the hundred thousands digit of 146928?
1
What is the hundreds digit of 7013582?
5
What is the units digit of 1886533?
3
What is the hundred thousands digit of 1882638?
8
What is the ten thousands digit of 1721756?
2
What is the hundreds digit of 227507?
5
What is the hundred thousands digit of 2656706?
6
What is the millions digit of 32029584?
2
What is the tens digit of 366240?
4
What is the ten thousands digit of 1639110?
3
What is the units digit of 895102?
2
What is the tens digit of 73778?
7
What is the thousands digit of 13037604?
7
What is the ten thousands digit of 3588609?
8
What is the millions digit of 15187472?
5
What is the ten thousands digit of 485068?
8
What is the hundred thousands digit of 207115?
2
What is the tens digit of 233072?
7
What is the hundreds digit of 251385?
3
What is the hundred thousands digit of 1462438?
4
What is the hundreds digit of 207824?
8
What is the millions digit of 1083463?
1
What is the millions digit of 1417991?
1
What is the thousands digit of 24718141?
8
What is the units digit of 656321?
1
What is the ten thousands digit of 11411?
1
What is the tens digit of 612662?
6
What is the ten thousands digit of 115571?
1
What is the hundred thousands digit of 850173?
8
What is the tens digit of 520664?
6
What is the hundreds digit of 1365516?
5
What is the units digit of 6306255?
5
What is the thousands digit of 1943347?
3
What is the thousands digit of 3580058?
0
What is the millions digit of 1018031?
1
What is the ten millions digit of 33251941?
3
What is the units digit of 2362414?
4
What is the millions digit of 1567118?
1
What is the thousands digit of 245419?
5
What is the ten thousands digit of 1699494?
9
What is the tens digit of 22457?
5
What is the hundreds digit of 2489028?
0
What is the millions digit of 5481156?
5
What is the tens digit of 780040?
4
What is the thousands digit of 3705150?
5
What is the units digit of 94352?
2
What is the hundred thousands digit of 162501?
1
What is the thousands digit of 151994?
1
What is the units digit of 5081433?
3
What is the hundreds digit of 20693303?
3
What is the tens digit of 14892604?
0
What is the hundreds digit of 1582309?
3
What is the units digit of 1801338?
8
What is the hundred thousands digit of 2581118?
5
What is the tens digit of 556669?
6
What is the ten thousands digit of 4671880?
7
What is the hundreds digit of 2110526?
5
What is the hundreds digit of 269833?
8
What is the tens digit of 2775944?
4
What is the units digit of 675093?
3
What is the units digit of 22051?
1
What is the thousands digit of 222419?
2
What is the units digit of 485966?
6
What is the millions digit of 1419696?
1
What is the hundreds digit of 485867?
8
What is the thousands digit of 665969?
5
What is the units digit of 21686545?
5
What is the tens digit of 7864905?
0
What is the hundreds digit of 16413446?
4
What is the units digit of 142840?
0
What is the hundreds digit of 2445196?
1
What is the tens digit of 69251?
5
What is the units digit of 97408?
8
What is the tens digit of 4113?
1
What is the thousands digit of 721511?
1
What is the ten thousands digit of 1652620?
5
What is the hundreds digit of 917177?
1
What is the thousands digit of 1478350?
8
What is the hundred thousands digit of 458488?
4
What is the units digit of 402107?
7
What is the hundred thousands digit of 625504?
6
What is the tens digit of 383063?
6
What is the ten thousands digit of 262943?
6
What is the ten thousands digit of 1902701?
0
What is the millions digit of 7244560?
7
What is the hundreds digit of 165085?
0
What is the tens digit of 243572?
7
What is the hundred thousands digit of 1371164?
3
What is the hundreds digit of 24882?
8
What is the hundred thousands digit of 2118191?
1
What is the thousands digit of 307855?
7
What is the tens digit of 5239080?
8
What is the units digit of 157915?
5
What is the tens digit of 6056493?
9
What is the tens digit of 1330981?
8
What is the units digit of 2734215?
5
What is the ten thousands digit of 8689105?
8
What is the tens digit of 342529?
2
What is the thousands digit of 2185715?
5
What is the ten thousands digit of 855178?
5
What is the ten thousands digit of 546381?
4
What is the units digit of 33468?
8
What is the millions digit of 23286594?
3
What is the tens digit of 2935215?
1
What is the tens digit of 569171?
7
What is the tens digit of 2360817?
1
What is the hundreds digit of 7176341?
3
What is the hundreds digit of 1388885?
8
What is the units digit of 1440745?
5
What is the units digit of 349565?
5
What is the millions dig